 What is the units digit of h?
9
Suppose -23*f + 326 = -21*f. What is the hundreds digit of f?
1
Suppose 2*i = 26 + 188. Let a = i - 150. Let h = -20 - a. What is the units digit of h?
3
Let p(g) = g. Let x(d) = -d**2 - 6*d + 1. Let m be x(-5). Let u(q) = 7*q + 1. Let y(o) = m*p(o) - 2*u(o). What is the units digit of y(-3)?
2
Let a be (-96)/(-40) - 2/5. Suppose -2*f + 4 = 0, f + 13 = l + a*f. Suppose 62 = -10*n + l*n. What is the tens digit of n?
6
Let d = -885 + 1681. What is the tens digit of d?
9
Suppose -14960 = -4*n - 4*t, -32*t = -31*t - 4. What is the thousands digit of n?
3
Suppose 0 = n + 2*w + 15, 2*n + 0*w = 2*w - 54. Let r(m) = m**3 + 22*m**2 - 24*m - 9. What is the tens digit of r(n)?
1
Let p = -9 + 3. What is the tens digit of -2 + 79 + 2 + p?
7
Let g = -451 + 919. What is the units digit of g?
8
Let k be -2 - (-4 + (3 - -1)). Let c(v) = -27*v + 3. What is the tens digit of c(k)?
5
Let w(h) be the first derivative of h**6/120 - h**4/24 + 5*h**3/3 + h**2 - 3. Let q(a) be the second derivative of w(a). What is the units digit of q(0)?
0
Suppose -3*t - t = 4*l + 4, 5*t = 4*l - 32. Suppose 1280 = 5*o + 5*q, l = 3*q - 6. What is the units digit of o?
3
Let k(m) = -4*m - 22. Let v(n) = n + 2. Let b(l) = k(l) - 4*v(l). What is the tens digit of b(-30)?
1
Suppose 0 = -16*m - 17*m + 13497. What is the hundreds digit of m?
4
Let z be (-2)/(-3) + 466/(-6). Let m be 22/z + 122/(-14). Let u = m - -49. What is the units digit of u?
0
Suppose -54*j + 4308 = -51*j. What is the hundreds digit of j?
4
Let j = -1834 - -4512. What is the hundreds digit of j?
6
Let p be (102*-1)/2 - (-92)/46. Let g = 52 + p. What is the units digit of g?
3
Let n be (-1 - 605/10)/(1/(-4)). Suppose 0*i + n = 3*i. What is the units digit of i?
2
Let a(l) be the second derivative of -l**3/6 + 15*l**2/2 + 14*l. What is the units digit of a(-10)?
5
Let k be (4/6 + 1)*-3. Let h be (1*4)/(7 + -2 + -4). What is the units digit of (h/k)/((-2)/10)?
4
Suppose 3*k - 2*k + 2*k = 0. Let g = 1 + 3. Suppose k = g*s - 4. What is the units digit of s?
1
Suppose 6*s = 44 + 40. Suppose 3*m + 1166 = s*m. What is the hundreds digit of m?
1
Let z(q) = 1075*q - 20. What is the hundreds digit of z(1)?
0
Let g(s) = -s**2 + 39*s + 79. What is the tens digit of g(28)?
8
Let a(h) = 4*h - 10. Suppose -2*s + 2*u - 2 = 0, -2*s + 4*u - 16 = -s. Let v be a(s). Suppose 114 = -q + v*q + 3*y, -2 = y. What is the tens digit of q?
2
Suppose -v - 15 = -2*s, 2*v = -3*s - 17 + 50. Let p(l) = -l**3 + 7*l**2 + 22*l - 8. What is the tens digit of p(s)?
2
What is the thousands digit of (-689632)/(-160) - (2 + 27/(-15))?
4
What is the thousands digit of (-1)/(-4 + -6 + (-72438)/(-7244))?
3
Let o(g) = 2*g**2 - 7*g + 20. Suppose -18 - 22 = -5*a. What is the units digit of o(a)?
2
Let l be (-324)/(-7) + 2*8/(-56). Suppose 382 = l*b - 44*b. What is the units digit of b?
1
Suppose -20582 = -16*p + 13050. What is the thousands digit of p?
2
Let i(h) = -h**3 - 7*h**2 + h - 7. Let p = -35 - -31. Let d be 3*p/(-9)*-6. What is the tens digit of i(d)?
4
Let x(d) be the second derivative of 25*d**4/3 - d**3/3 - 2*d**2 - 6*d. What is the tens digit of x(-1)?
9
Let g be 4/(-10) + 693/(-55). Let t = -9 - g. What is the units digit of t?
4
Let b be (-2)/(-9) + 2094/54. Suppose 5*z + 3*m - 284 = 4*z, z - 2*m = 269. Suppose b = -4*j + z. What is the tens digit of j?
5
Suppose -10*y - 8035 = -32305. What is the units digit of y?
7
Let p = 675 - 207. Suppose -10*o + 802 + p = 0. What is the tens digit of o?
2
Let x = -25 + 29. Let s = 2 - 0. Suppose x*r = 16, 0 = -s*p + 2*r + r + 18. What is the units digit of p?
5
Let t = 2 - 6. What is the units digit of (t + 17/1)/1?
3
Let u(r) = -r**3 + 6*r**2 + 7*r - 5. Let s = 40 - 35. What is the units digit of u(s)?
5
Suppose 5*f = 4*q - q + 1059, 5*f + q - 1067 = 0. Suppose -2*z + a + f = -2*a, -z + a + 109 = 0. What is the hundreds digit of z?
1
Let u be (-291)/15 - (51/(-15) + 3). What is the hundreds digit of 1/(((-1)/22)/(u/2))?
2
Suppose 2*y = -10 - 4. Let p(s) be the third derivative of s**6/120 + 7*s**5/60 - s**4/12 - 4*s**3/3 - 2*s**2 + 107. What is the units digit of p(y)?
6
Let d be 40/4*34/4. Suppose -285 = -5*m + d. What is the tens digit of m?
7
Suppose -45 = -4*y - 13. Suppose y*a - 11*a + 234 = 0. What is the tens digit of a?
7
Let y = 3214 + -311. What is the thousands digit of y?
2
Suppose 4*g + 330 = 3*t, 0 = -3*t + 3*g + 2*g + 327. What is the hundreds digit of t?
1
Let w(i) = -5*i - 17. Let f be w(-13). Suppose c - 4*m = f, -2*m - 43 = -c + 5. Let z = c - 25. What is the units digit of z?
3
Let u = -69 - -155. Let n = u + -72. What is the units digit of n?
4
Let j = 3449 + -3081. What is the tens digit of j?
6
Let v be 3*3/3 - 3. Let r = 369 + -255. Suppose v = -f - f - 3*n + r, n = -f + 55. What is the units digit of f?
1
Let l(v) = v**3 - 8*v**2 - 12*v + 26. What is the thousands digit of l(14)?
1
Let h be 5/(-5)*(-713 + 6). Suppose 191 = -2*x + h. What is the hundreds digit of x?
2
Suppose 0 = 101*v - 109*v + 4816. What is the hundreds digit of v?
6
Let k = 15 + -15. Let g(y) = y**2 + 3*y + 2. Let c be g(-3). Suppose 5*w - c*w - 12 = k. What is the units digit of w?
4
Let a = 50 + 46. Suppose 0 = -t + 129 - a. What is the units digit of t?
3
Let l(m) = -m**3 - 4*m**2 - 5. Let i(h) = -h**3 + h - 1. Let p(y) = -3*i(y) + l(y). Suppose 4*k - 2*k - 8 = 0. What is the tens digit of p(k)?
5
Let v = -40 + -27. Let w = v - -45. Let q = -17 - w. What is the units digit of q?
5
Let u(i) = i**2 - 2*i + 2. Let t be u(2). Let z(p) = t + 0 - 3*p + 3 - 3. What is the units digit of z(-2)?
8
Suppose -5*z - 29 = -f, 0 = 2*f - z - 8 - 23. Let i be 2/f + (-132)/42. Let a = i + 12. What is the units digit of a?
9
Let q(r) = 6*r**2 - 31*r + 5. Let o be q(9). Suppose 10*g - o = 598. What is the tens digit of g?
8
Let k(p) = 8*p**2 - 4*p + 2. Let o be k(1). Suppose o*m + 150 = 11*m. What is the tens digit of m?
3
Suppose -9*j + 8*j + 5 = 0. Suppose -5*r + j*f + 189 = f, 42 = r - 5*f. What is the tens digit of r?
3
What is the tens digit of ((-12)/18*-51)/((-1)/(-2))?
6
Let r(f) be the first derivative of -f**5/20 - f**4/6 - 2*f**3/3 + 10*f - 3. Let c(v) be the first derivative of r(v). What is the tens digit of c(-4)?
4
Let f be (-792)/126 - 4/(-14). Let k(z) = -5 - z + z - 3*z. What is the units digit of k(f)?
3
Let a = -549 + 1425. What is the hundreds digit of a?
8
Suppose 7*c = 15*c - 1992. Let z = -79 + c. What is the units digit of z?
0
Suppose 2170 = 4*b + 6*b. What is the hundreds digit of b?
2
Let w(j) = -j**3 + 11*j**2 - 7*j - 3. Let r be w(10). Let u = r + 15. Suppose -48 - u = -2*q. What is the units digit of q?
5
Let t be (-1 + 1)*3/(-6). Suppose -313 = -3*c + 6*m - 4*m, t = -4*c + 2*m + 420. What is the tens digit of c?
0
Let z(q) = -3*q + 17. Let f be z(-13). Let d = f - -23. What is the tens digit of d?
7
What is the tens digit of (-1570)/120*-4 + 4/6?
5
Suppose -55*j - l = -54*j - 4054, -2*j - 4*l + 8110 = 0. What is the units digit of j?
3
Suppose 2*h - 7 = 7. What is the units digit of 49/1 + 6/(h + -4)?
1
Let s(t) = 29*t**3 - 15*t**2 + 9*t. Let c(h) = -10*h**3 + 5*h**2 - 3*h. Let m(u) = 17*c(u) + 6*s(u). What is the units digit of m(4)?
8
Suppose -4*r = 3*a - 8396, 7*r = 3*r - 16. What is the thousands digit of a?
2
Let g = 1218 + -472. What is the hundreds digit of g?
7
Let d(c) = c**2 + c + 1. Let a = -18 - -30. Let v be (a/(-15))/(4/10). What is the units digit of d(v)?
3
Suppose 4*u + 4 = -80. What is the tens digit of 3260/14 + (-3)/u?
3
Let x be -14 - -13 - (0 + -18). Suppose x*y - 20*y = -531. Suppose -4*t + y = 49. What is the tens digit of t?
3
Let i(f) = -f**2 + 16*f - 10. Let u = 15 - 5. Let m be i(u). Suppose 5*d = 3*d + m. What is the units digit of d?
5
Let b = 9 - 6. Suppose -10 = -r - b. Let d(o) = 4*o - 8. What is the tens digit of d(r)?
2
Suppose 74 = 2*b - 3*v, b - v - 37 = -0*v. Let u = b + -36. What is the units digit of u?
1
Let k(l) = 26*l**2 + 47*l - 1. What is the tens digit of k(-9)?
8
Let j(w) = -w**3 + 12*w**2 - 7*w - 14. Let d be (0 - -1)/(2/22). What is the units digit of j(d)?
0
Suppose 6*n - 7*n = -204. Suppose 2*t + n = 6*t. What is the tens digit of t?
5
Let s = -319 - -590. What is the hundreds digit of s?
2
Let y = -58 - -61. Suppo